{"id":1006,"date":"2025-12-15T20:00:30","date_gmt":"2025-12-15T19:00:30","guid":{"rendered":"https:\/\/equilibreetharmonie.fr\/?post_type=product&#038;p=1006"},"modified":"2025-12-17T16:35:57","modified_gmt":"2025-12-17T15:35:57","slug":"carte-cadeau-massage-cranien","status":"publish","type":"product","link":"https:\/\/equilibreetharmonie.fr\/index.php\/produit\/carte-cadeau-massage-cranien\/","title":{"rendered":"Carte Cadeau Massage Cr\u00e2nien"},"content":{"rendered":"<h3 style=\"text-align: center;\">Massage Cr\u00e2nien<\/h3>\n<p>&nbsp;<\/p>\n<p style=\"text-align: center;\">Venu de l\u2019inde il y a 4000 ans, le massage cr\u00e2nien \u00e9tait un rituel qui se transmettait de m\u00e8re en fille au moment du coiffage.<br \/>\nLe massage cr\u00e2nien bien-\u00eatre est un moyen de se relaxer rapidement.<br \/>\nUn moment d\u2019\u00e9vasion et de l\u00e2cher-prise imm\u00e9diat.<br \/>\nCe massage relance la microcirculation cr\u00e2nienne, soulage les tensions de la m\u00e2choire, de la nuque et du haut du dos.<br \/>\nIl r\u00e9duit les effets du stress sur le corps, am\u00e9liore votre concentration et apporte une sensation de calme et de s\u00e9r\u00e9nit\u00e9 imm\u00e9diate.<\/p>\n<p>&nbsp;<\/p>\n<h4 style=\"text-align: center;\">Dur\u00e9e : 30 min<\/h4>\n<p>&nbsp;<\/p>\n<p>&nbsp;<\/p>\n","protected":false},"excerpt":{"rendered":"<h3 style=\"text-align: center;\">Massage Cr\u00e2nien<\/h3>\n<p>&nbsp;<\/p>\n<p style=\"text-align: center;\">Venu de l\u2019inde il y a 4000 ans, le massage cr\u00e2nien \u00e9tait un rituel qui se transmettait de m\u00e8re en fille au moment du coiffage.<br \/>\nLe massage cr\u00e2nien bien-\u00eatre est un moyen de se relaxer rapidement.<br \/>\nUn moment d\u2019\u00e9vasion et de l\u00e2cher-prise imm\u00e9diat.<br \/>\nCe massage relance la microcirculation cr\u00e2nienne, soulage les tensions de la m\u00e2choire, de la nuque et du haut du dos.<br \/>\nIl r\u00e9duit les effets du stress sur le corps, am\u00e9liore votre concentration et apporte une sensation de calme et de s\u00e9r\u00e9nit\u00e9 imm\u00e9diate.<\/p>\n<p>&nbsp;<\/p>\n<h4 style=\"text-align: center;\">Dur\u00e9e : 30 min<\/h4>\n<p>&nbsp;<\/p>\n<p>&nbsp;<\/p>\n","protected":false},"featured_media":126,"comment_status":"open","ping_status":"closed","template":"","meta":{"_kad_post_transparent":"default","_kad_post_title":"","_kad_post_layout":"default","_kad_post_sidebar_id":"","_kad_post_content_style":"default","_kad_post_vertical_padding":"default","_kad_post_feature":"","_kad_post_feature_position":"","_kad_post_header":false,"_kad_post_footer":false},"product_brand":[],"product_cat":[20],"product_tag":[],"class_list":{"0":"post-1006","1":"product","2":"type-product","3":"status-publish","4":"has-post-thumbnail","6":"product_cat-massage-relaxant","8":"first","9":"instock","10":"downloadable","11":"shipping-taxable","12":"purchasable","13":"product-type-simple","14":"entry","15":"content-bg","16":"loop-entry"},"yoast_head":"<!-- This site is optimized with the Yoast SEO plugin v27.5 - https:\/\/yoast.com\/product\/yoast-seo-wordpress\/ -->\n<title>Carte Cadeau Massage Cr\u00e2nien - Equilibre &amp; Harmonie by FD<\/title>\n<meta name=\"robots\" content=\"index, follow, max-snippet:-1, max-image-preview:large, max-video-preview:-1\" \/>\n<link rel=\"canonical\" href=\"https:\/\/equilibreetharmonie.fr\/index.php\/produit\/carte-cadeau-massage-cranien\/\" \/>\n<meta property=\"og:locale\" content=\"fr_FR\" \/>\n<meta property=\"og:type\" content=\"article\" \/>\n<meta property=\"og:title\" content=\"Carte Cadeau Massage Cr\u00e2nien - Equilibre &amp; Harmonie by FD\" \/>\n<meta property=\"og:description\" content=\"Massage Cr\u00e2nien &nbsp; Venu de l\u2019inde il y a 4000 ans, le massage cr\u00e2nien \u00e9tait un rituel qui se transmettait de m\u00e8re en fille au moment du coiffage. Le massage cr\u00e2nien bien-\u00eatre est un moyen de se relaxer rapidement. Un moment d\u2019\u00e9vasion et de l\u00e2cher-prise imm\u00e9diat. Ce massage relance la microcirculation cr\u00e2nienne, soulage les tensions de la m\u00e2choire, de la nuque et du haut du dos. Il r\u00e9duit les effets du stress sur le corps, am\u00e9liore votre concentration et apporte une sensation de calme et de s\u00e9r\u00e9nit\u00e9 imm\u00e9diate. &nbsp; Dur\u00e9e : 30 min &nbsp;  &nbsp;\" \/>\n<meta property=\"og:url\" content=\"https:\/\/equilibreetharmonie.fr\/index.php\/produit\/carte-cadeau-massage-cranien\/\" \/>\n<meta property=\"og:site_name\" content=\"Equilibre &amp; Harmonie by FD\" \/>\n<meta property=\"article:modified_time\" content=\"2025-12-17T15:35:57+00:00\" \/>\n<meta property=\"og:image\" content=\"https:\/\/equilibreetharmonie.fr\/wp-content\/uploads\/2025\/05\/Massage-cranien-scaled.jpg\" \/>\n\t<meta property=\"og:image:width\" content=\"2560\" \/>\n\t<meta property=\"og:image:height\" content=\"1709\" \/>\n\t<meta property=\"og:image:type\" content=\"image\/jpeg\" \/>\n<meta name=\"twitter:card\" content=\"summary_large_image\" \/>\n<meta name=\"twitter:label1\" content=\"Dur\u00e9e de lecture estim\u00e9e\" \/>\n\t<meta name=\"twitter:data1\" content=\"1 minute\" \/>\n<script type=\"application\/ld+json\" class=\"yoast-schema-graph\">{\"@context\":\"https:\\\/\\\/schema.org\",\"@graph\":[{\"@type\":\"WebPage\",\"@id\":\"https:\\\/\\\/equilibreetharmonie.fr\\\/index.php\\\/produit\\\/carte-cadeau-massage-cranien\\\/\",\"url\":\"https:\\\/\\\/equilibreetharmonie.fr\\\/index.php\\\/produit\\\/carte-cadeau-massage-cranien\\\/\",\"name\":\"Carte Cadeau Massage Cr\u00e2nien - Equilibre &amp; Harmonie by FD\",\"isPartOf\":{\"@id\":\"https:\\\/\\\/equilibreetharmonie.fr\\\/#website\"},\"primaryImageOfPage\":{\"@id\":\"https:\\\/\\\/equilibreetharmonie.fr\\\/index.php\\\/produit\\\/carte-cadeau-massage-cranien\\\/#primaryimage\"},\"image\":{\"@id\":\"https:\\\/\\\/equilibreetharmonie.fr\\\/index.php\\\/produit\\\/carte-cadeau-massage-cranien\\\/#primaryimage\"},\"thumbnailUrl\":\"https:\\\/\\\/equilibreetharmonie.fr\\\/wp-content\\\/uploads\\\/2025\\\/05\\\/Massage-cranien-scaled.jpg\",\"datePublished\":\"2025-12-15T19:00:30+00:00\",\"dateModified\":\"2025-12-17T15:35:57+00:00\",\"breadcrumb\":{\"@id\":\"https:\\\/\\\/equilibreetharmonie.fr\\\/index.php\\\/produit\\\/carte-cadeau-massage-cranien\\\/#breadcrumb\"},\"inLanguage\":\"fr-FR\",\"potentialAction\":[{\"@type\":\"ReadAction\",\"target\":[\"https:\\\/\\\/equilibreetharmonie.fr\\\/index.php\\\/produit\\\/carte-cadeau-massage-cranien\\\/\"]}]},{\"@type\":\"ImageObject\",\"inLanguage\":\"fr-FR\",\"@id\":\"https:\\\/\\\/equilibreetharmonie.fr\\\/index.php\\\/produit\\\/carte-cadeau-massage-cranien\\\/#primaryimage\",\"url\":\"https:\\\/\\\/equilibreetharmonie.fr\\\/wp-content\\\/uploads\\\/2025\\\/05\\\/Massage-cranien-scaled.jpg\",\"contentUrl\":\"https:\\\/\\\/equilibreetharmonie.fr\\\/wp-content\\\/uploads\\\/2025\\\/05\\\/Massage-cranien-scaled.jpg\",\"width\":2560,\"height\":1709},{\"@type\":\"BreadcrumbList\",\"@id\":\"https:\\\/\\\/equilibreetharmonie.fr\\\/index.php\\\/produit\\\/carte-cadeau-massage-cranien\\\/#breadcrumb\",\"itemListElement\":[{\"@type\":\"ListItem\",\"position\":1,\"name\":\"Accueil\",\"item\":\"https:\\\/\\\/equilibreetharmonie.fr\\\/\"},{\"@type\":\"ListItem\",\"position\":2,\"name\":\"Boutique\",\"item\":\"https:\\\/\\\/equilibreetharmonie.fr\\\/index.php\\\/boutique\\\/\"},{\"@type\":\"ListItem\",\"position\":3,\"name\":\"Carte Cadeau Massage Cr\u00e2nien\"}]},{\"@type\":\"WebSite\",\"@id\":\"https:\\\/\\\/equilibreetharmonie.fr\\\/#website\",\"url\":\"https:\\\/\\\/equilibreetharmonie.fr\\\/\",\"name\":\"Equilibre &amp; Harmonie by FD\",\"description\":\"\",\"potentialAction\":[{\"@type\":\"SearchAction\",\"target\":{\"@type\":\"EntryPoint\",\"urlTemplate\":\"https:\\\/\\\/equilibreetharmonie.fr\\\/?s={search_term_string}\"},\"query-input\":{\"@type\":\"PropertyValueSpecification\",\"valueRequired\":true,\"valueName\":\"search_term_string\"}}],\"inLanguage\":\"fr-FR\"}]}<\/script>\n<!-- \/ Yoast SEO plugin. -->","yoast_head_json":{"title":"Carte Cadeau Massage Cr\u00e2nien - Equilibre &amp; Harmonie by FD","robots":{"index":"index","follow":"follow","max-snippet":"max-snippet:-1","max-image-preview":"max-image-preview:large","max-video-preview":"max-video-preview:-1"},"canonical":"https:\/\/equilibreetharmonie.fr\/index.php\/produit\/carte-cadeau-massage-cranien\/","og_locale":"fr_FR","og_type":"article","og_title":"Carte Cadeau Massage Cr\u00e2nien - Equilibre &amp; Harmonie by FD","og_description":"Massage Cr\u00e2nien &nbsp; Venu de l\u2019inde il y a 4000 ans, le massage cr\u00e2nien \u00e9tait un rituel qui se transmettait de m\u00e8re en fille au moment du coiffage. Le massage cr\u00e2nien bien-\u00eatre est un moyen de se relaxer rapidement. Un moment d\u2019\u00e9vasion et de l\u00e2cher-prise imm\u00e9diat. Ce massage relance la microcirculation cr\u00e2nienne, soulage les tensions de la m\u00e2choire, de la nuque et du haut du dos. Il r\u00e9duit les effets du stress sur le corps, am\u00e9liore votre concentration et apporte une sensation de calme et de s\u00e9r\u00e9nit\u00e9 imm\u00e9diate. &nbsp; Dur\u00e9e : 30 min &nbsp;  &nbsp;","og_url":"https:\/\/equilibreetharmonie.fr\/index.php\/produit\/carte-cadeau-massage-cranien\/","og_site_name":"Equilibre &amp; Harmonie by FD","article_modified_time":"2025-12-17T15:35:57+00:00","og_image":[{"width":2560,"height":1709,"url":"https:\/\/equilibreetharmonie.fr\/wp-content\/uploads\/2025\/05\/Massage-cranien-scaled.jpg","type":"image\/jpeg"}],"twitter_card":"summary_large_image","twitter_misc":{"Dur\u00e9e de lecture estim\u00e9e":"1 minute"},"schema":{"@context":"https:\/\/schema.org","@graph":[{"@type":"WebPage","@id":"https:\/\/equilibreetharmonie.fr\/index.php\/produit\/carte-cadeau-massage-cranien\/","url":"https:\/\/equilibreetharmonie.fr\/index.php\/produit\/carte-cadeau-massage-cranien\/","name":"Carte Cadeau Massage Cr\u00e2nien - Equilibre &amp; Harmonie by FD","isPartOf":{"@id":"https:\/\/equilibreetharmonie.fr\/#website"},"primaryImageOfPage":{"@id":"https:\/\/equilibreetharmonie.fr\/index.php\/produit\/carte-cadeau-massage-cranien\/#primaryimage"},"image":{"@id":"https:\/\/equilibreetharmonie.fr\/index.php\/produit\/carte-cadeau-massage-cranien\/#primaryimage"},"thumbnailUrl":"https:\/\/equilibreetharmonie.fr\/wp-content\/uploads\/2025\/05\/Massage-cranien-scaled.jpg","datePublished":"2025-12-15T19:00:30+00:00","dateModified":"2025-12-17T15:35:57+00:00","breadcrumb":{"@id":"https:\/\/equilibreetharmonie.fr\/index.php\/produit\/carte-cadeau-massage-cranien\/#breadcrumb"},"inLanguage":"fr-FR","potentialAction":[{"@type":"ReadAction","target":["https:\/\/equilibreetharmonie.fr\/index.php\/produit\/carte-cadeau-massage-cranien\/"]}]},{"@type":"ImageObject","inLanguage":"fr-FR","@id":"https:\/\/equilibreetharmonie.fr\/index.php\/produit\/carte-cadeau-massage-cranien\/#primaryimage","url":"https:\/\/equilibreetharmonie.fr\/wp-content\/uploads\/2025\/05\/Massage-cranien-scaled.jpg","contentUrl":"https:\/\/equilibreetharmonie.fr\/wp-content\/uploads\/2025\/05\/Massage-cranien-scaled.jpg","width":2560,"height":1709},{"@type":"BreadcrumbList","@id":"https:\/\/equilibreetharmonie.fr\/index.php\/produit\/carte-cadeau-massage-cranien\/#breadcrumb","itemListElement":[{"@type":"ListItem","position":1,"name":"Accueil","item":"https:\/\/equilibreetharmonie.fr\/"},{"@type":"ListItem","position":2,"name":"Boutique","item":"https:\/\/equilibreetharmonie.fr\/index.php\/boutique\/"},{"@type":"ListItem","position":3,"name":"Carte Cadeau Massage Cr\u00e2nien"}]},{"@type":"WebSite","@id":"https:\/\/equilibreetharmonie.fr\/#website","url":"https:\/\/equilibreetharmonie.fr\/","name":"Equilibre &amp; Harmonie by FD","description":"","potentialAction":[{"@type":"SearchAction","target":{"@type":"EntryPoint","urlTemplate":"https:\/\/equilibreetharmonie.fr\/?s={search_term_string}"},"query-input":{"@type":"PropertyValueSpecification","valueRequired":true,"valueName":"search_term_string"}}],"inLanguage":"fr-FR"}]}},"_links":{"self":[{"href":"https:\/\/equilibreetharmonie.fr\/index.php\/wp-json\/wp\/v2\/product\/1006","targetHints":{"allow":["GET"]}}],"collection":[{"href":"https:\/\/equilibreetharmonie.fr\/index.php\/wp-json\/wp\/v2\/product"}],"about":[{"href":"https:\/\/equilibreetharmonie.fr\/index.php\/wp-json\/wp\/v2\/types\/product"}],"replies":[{"embeddable":true,"href":"https:\/\/equilibreetharmonie.fr\/index.php\/wp-json\/wp\/v2\/comments?post=1006"}],"wp:featuredmedia":[{"embeddable":true,"href":"https:\/\/equilibreetharmonie.fr\/index.php\/wp-json\/wp\/v2\/media\/126"}],"wp:attachment":[{"href":"https:\/\/equilibreetharmonie.fr\/index.php\/wp-json\/wp\/v2\/media?parent=1006"}],"wp:term":[{"taxonomy":"product_brand","embeddable":true,"href":"https:\/\/equilibreetharmonie.fr\/index.php\/wp-json\/wp\/v2\/product_brand?post=1006"},{"taxonomy":"product_cat","embeddable":true,"href":"https:\/\/equilibreetharmonie.fr\/index.php\/wp-json\/wp\/v2\/product_cat?post=1006"},{"taxonomy":"product_tag","embeddable":true,"href":"https:\/\/equilibreetharmonie.fr\/index.php\/wp-json\/wp\/v2\/product_tag?post=1006"}],"curies":[{"name":"wp","href":"https:\/\/api.w.org\/{rel}","templated":true}]}}